 highest common divisor of 1442 and 5399569?
721
Calculate the greatest common divisor of 71108 and 464.
116
What is the highest common factor of 53558 and 183?
61
Calculate the highest common factor of 4608 and 6192.
144
Calculate the highest common divisor of 26352 and 2562.
366
Calculate the greatest common divisor of 2768917 and 1263.
421
Calculate the highest common divisor of 85 and 97750.
85
What is the highest common factor of 35296 and 64?
32
Calculate the highest common factor of 43679 and 31.
31
Calculate the greatest common divisor of 17 and 2565419.
17
Calculate the highest common divisor of 852 and 180.
12
What is the highest common divisor of 32474 and 52?
26
Calculate the greatest common divisor of 2385704 and 8.
8
What is the greatest common factor of 33 and 11010?
3
Calculate the greatest common divisor of 858786 and 1230.
246
Calculate the highest common divisor of 197534 and 7924.
566
What is the highest common factor of 340 and 37040?
20
What is the highest common divisor of 24773 and 42?
7
Calculate the greatest common divisor of 52596 and 48.
12
What is the greatest common divisor of 49740 and 60?
60
What is the highest common divisor of 217569 and 165?
33
Calculate the highest common factor of 11622 and 625800.
894
What is the greatest common divisor of 6 and 18507?
3
Calculate the highest common divisor of 5 and 1525.
5
What is the greatest common factor of 253 and 26158?
11
Calculate the highest common divisor of 126 and 2289672.
126
Calculate the highest common divisor of 54225 and 18.
9
Calculate the greatest common divisor of 2997 and 3483.
81
Calculate the greatest common divisor of 539512 and 1.
1
What is the highest common factor of 216229 and 13?
13
What is the highest common divisor of 11578 and 50?
2
What is the highest common divisor of 165 and 22965?
15
Calculate the highest common factor of 45745 and 555.
5
Calculate the highest common divisor of 1299091 and 2606.
1303
What is the greatest common divisor of 3072 and 10496?
256
What is the highest common divisor of 13532 and 119?
17
Calculate the greatest common divisor of 1475 and 425.
25
What is the highest common divisor of 44 and 584694?
22
Calculate the highest common factor of 7717 and 1.
1
What is the highest common divisor of 1253 and 1118213?
179
Calculate the greatest common factor of 6 and 2778.
6
What is the highest common divisor of 4278 and 3966?
6
What is the highest common divisor of 208 and 2210?
26
Calculate the highest common factor of 4090 and 150.
10
Calculate the highest common factor of 2912 and 754.
26
Calculate the greatest common divisor of 5145 and 3495.
15
Calculate the highest common divisor of 129084 and 120.
12
Calculate the highest common divisor of 378 and 23457.
21
What is the greatest common factor of 950 and 51490?
190
What is the highest common divisor of 108373 and 37?
37
What is the highest common divisor of 18 and 227754?
18
Calculate the greatest common divisor of 286 and 28358.
22
Calculate the highest common divisor of 133 and 10556.
7
What is the highest common factor of 220 and 1116610?
110
What is the highest common factor of 6 and 1480?
2
Calculate the greatest common factor of 296 and 10471.
37
What is the highest common factor of 31 and 55521?
31
What is the highest common factor of 845801 and 187?
187
What is the greatest common divisor of 230 and 621?
23
What is the highest common divisor of 420787 and 3428?
857
What is the greatest common factor of 111213 and 45?
9
What is the greatest common factor of 191 and 23111?
191
Calculate the highest common divisor of 176 and 23166.
22
Calculate the greatest common factor of 640 and 12840.
40
Calculate the highest common factor of 93409 and 29.
29
What is the highest common factor of 4238 and 10432?
326
Calculate the greatest common factor of 18 and 14778.
18
Calculate the greatest common factor of 54 and 1502964.
18
What is the greatest common factor of 109157 and 119?
17
What is the greatest common divisor of 31494 and 609?
87
What is the greatest common divisor of 640 and 1000?
40
What is the highest common factor of 310 and 854608?
62
What is the greatest common divisor of 167791 and 39?
13
Calculate the greatest common factor of 13 and 14183273.
13
What is the greatest common factor of 896 and 917?
7
What is the highest common factor of 1202 and 62?
2
Calculate the highest common factor of 16 and 3892.
4
What is the highest common factor of 50556 and 1496?
44
What is the highest common factor of 10 and 354470?
10
What is the highest common divisor of 2 and 6887?
1
Calculate the highest common divisor of 7326 and 120186.
198
What is the greatest common divisor of 512800 and 48?
16
What is the highest common divisor of 589 and 93?
31
What is the greatest common divisor of 234 and 469274?
26
Calculate the highest common divisor of 10168 and 8200.
328
Calculate the highest common factor of 427266 and 18.
18
Calculate the greatest common divisor of 2983952 and 7908.
2636
Calculate the greatest common factor of 38773 and 203.
203
What is the highest common divisor of 86609 and 7751?
337
What is the highest common factor of 27246 and 239?
239
What is the highest common divisor of 84 and 985428?
12
Calculate the greatest common divisor of 372 and 4668.
12
Calculate the highest common divisor of 29190 and 420.
210
What is the greatest common divisor of 33 and 1602?
3
Calculate the greatest common divisor of 3388 and 143143.
847
What is the greatest common factor of 13015 and 380?
95
What is the greatest common divisor of 268668 and 68?
68
What is the highest common divisor of 38 and 243998?
38
What is the greatest common divisor of 102352 and 32?
16
Calculate the highest common factor of 71390 and 236.
118
What is the greatest common divisor of 54 and 70506?
18
Calculate the highest common factor of 290423 and 98.
49
What is the highest common divisor of 6669 and 2280?
57
What is the greatest common factor of 671060 and 1160?
580
What is the greatest common divisor of 181 and 8068799?
181
What is the greatest common factor of 33 and 1375077?
33
Calculate the greatest common divisor of 2296 and 3304.
56
Calculate the highest common factor of 1457 and 744.
31
Calculate the greatest common divisor of 71331 and 837.
93
What is the highest common factor of 13 and 102479?
13
What is the highest common divisor of 2418651 and 124?
31
What is the greatest common factor of 60 and 6528?
12
What is the highest common divisor of 3360 and 735?
105
Calculate the highest common factor of 113639 and 4997.
19
Calculate the greatest common divisor of 29 and 6728899.
29
Calculate the highest common divisor of 8579 and 138.
23
What is the highest common divisor of 12726 and 1386?
126
What is the greatest common divisor of 1422312 and 36?
12
Calculate the highest common factor of 550741 and 309.
103
What is the highest common factor of 216 and 91224?
72
Calculate the highest common divisor of 238 and 43064.
14
Calculate the greatest common factor of 35997 and 112038.
213
What is the highest common divisor of 2277 and 3762?
99
Calculate the greatest common divisor of 10395 and 2464.
77
What is the highest common divisor of 112588 and 1778?
14
What is the highest common factor of 20 and 872884?
4
What is the greatest common divisor of 288218 and 714?
238
What is the greatest common divisor of 191862 and 42?
6
What is the highest common divisor of 3 and 759663?
3
Calculate the greatest common factor of 39 and 152334.
39
Calculate the greatest common divisor of 2936 and 48077.
367
Calculate the greatest common divisor of 629258 and 343.
49
What is the greatest common factor of 2044 and 20732?
292
What is the greatest common factor of 1995 and 1680?
105
What is the highest common divisor of 140097 and 5963?
67
Calculate the greatest common factor of 180527 and 94.
47
What is the greatest common factor of 171398 and 86?
86
What is the highest common divisor of 3744 and 13416?
312
What is the highest common divisor of 1544 and 4822684?
772
What is the highest common divisor of 23814 and 2457?
189
What is the greatest common divisor of 85505 and 9065?
245
Calculate the highest common divisor of 17130 and 120.
30
Calculate the highest common factor of 10695 and 200880.
465
What is the highest 